second derivative of s**3/3 + 11*s**2/2 + 80*s - 2. Give t(-8).
-5
Let s(m) = -3 + 6*m + 6*m - 21*m + 0*m - 2. Calculate s(0).
-5
Suppose 0 = 2*w + 4*j - 12, w - 3*j + 22 = -4*w. Let u be (-2)/(-5)*10/(-8)*0. Let y = u - w. Let x(g) = g. What is x(y)?
2
Let b = 351 - 356. Let x(s) = 0 + 6 - 4 + s. What is x(b)?
-3
Let o be -4 - (-12 - 3)*1. Let b = 11 + o. Suppose -4*h + 2*k = -b, 4 = 5*h - k - 16. Let s(m) = -m**3 + 4*m**2 - 3*m + 2. Calculate s(h).
2
Suppose -3*i + 5*q = 0, -2*i - 22 = 4*q - 0*q. Let x(y) = 6*y + 2 + 5*y**2 + 4*y**2 + y**3 - 5*y**2 + 2*y**2. Calculate x(i).
-3
Let u(j) = 13 - 3*j + 1 - 11 + 6. Calculate u(-9).
36
Suppose -2*f - 5*z - 4 = 0, z = f - 4*f + 7. Let p = 7 - 3. Suppose p = f*m - m. Let i(t) = -t**2 + 4*t. Give i(m).
4
Let f(n) be the first derivative of 1/2*n**2 + 4 - 1/3*n**3 - 5*n - 1/4*n**4. Let s(r) = r**2 - 6*r - 7. Let j be s(7). Determine f(j).
-5
Let o(p) = -2*p + 19. Let j be o(7). Let n(c) = 2*c - 7 - j - 3 + 14. Let y = -1 + 3. Give n(y).
3
Let s(c) be the third derivative of c**7/5040 - c**5/15 + 11*c**2. Let v(f) be the third derivative of s(f). Determine v(4).
4
Let f(m) be the first derivative of 1/2*m**2 - 1 + m. Let q(s) = -3*s - 4. Let c(h) = -7*f(h) - 2*q(h). Calculate c(6).
-5
Let t(z) be the second derivative of -z + 1/6*z**3 + 0 + 2*z**2. Let g be 3/2*(17 - (-236)/(-12)). What is t(g)?
0
Let y(j) = -j + 1. Let w(n) = -n**2 - 9*n - 1. Let p be w(-8). Let i(u) = 2*u - 16. Let o be i(p). Give y(o).
3
Let k(g) = g**2 - 8*g + 6. Let x = 44 - 42. Suppose -14 = -2*v - x. Give k(v).
-6
Let j(g) be the first derivative of -7*g**5/20 - g**4/12 - g**3/6 - g**2/2 + 4*g - 14. Let b(i) be the first derivative of j(i). Give b(-1).
6
Let s(h) = -3*h**3 - 5*h + h**3 - 376 - 7*h**2 + 383 + h**3. What is s(-6)?
1
Let f(h) = 5*h**3 - 6*h**2 + 3*h - 4. Let k be (-12)/14*(3 + 0 + 4). Let c(v) = -v**3 - v. Let x(m) = k*c(m) - f(m). Calculate x(-6).
-14
Let j = -35 + 30. Let y(w) = w**3 - 4*w**2 - 9*w - 2. Let r(z) = -z**3 + 2*z**2 + 5*z + 1. Let u(g) = j*r(g) - 3*y(g). Calculate u(-1).
-1
Let v(g) = g - 5. Let q = 19 - 7. Suppose 0*r - q = -4*r. Suppose 2*u - 5*f - 15 = 5*u, -f - r = 5*u. Calculate v(u).
-5
Let p(a) be the first derivative of a**4/4 + 2*a**3 - a**2 - 3*a - 181. Determine p(-5).
32
Let a(w) = w**3 + 4*w**2 - 3*w + 6. Let s(n) = 4*n - 164. Let z be s(36). Suppose -2*u - 29 = 1. Let d = z - u. Give a(d).
-4
Suppose -7*m = -4*m - 5*o + 42, 0 = -m - 3*o. Let h(x) = -x**3 - 11*x**2 - 22*x - 19. Calculate h(m).
17
Let g(v) be the third derivative of -v**3 - 1/60*v**5 - 5/12*v**4 + 0 - 19*v**2 + 0*v. What is g(-4)?
18
Let m(l) = l**3 + 9*l**2 + 11*l + 10. Let k be m(-8). Let t(h) = 2*h + 26. Let d be t(k). Let q(r) = -2*r - 3. Give q(d).
1
Let f(i) be the third derivative of 1/10*i**5 + 1/3*i**3 + 5/24*i**4 + 1/120*i**6 + 0 + 0*i + 10*i**2. What is f(-5)?
2
Let m(w) be the second derivative of -1/2*w**3 + 0 - 5*w - 1/8*w**4 + 1/60*w**5 + 3/2*w**2. Let l(t) be the first derivative of m(t). Determine l(5).
7
Suppose -4*k = 2*t + 4, 6*k + 4 = 2*k - 4*t. Let v(j) = -j**2 - 2*j - 1. Give v(k).
0
Let i(w) = -w**3 + w**2 + w - 2. Let k = 203 - 205. Calculate i(k).
8
Let a(h) = -44*h + 82*h - 11 - 37*h. Calculate a(9).
-2
Let r(s) = -2*s + 2. Let q(k) = 5*k + 9. Let f(i) = q(i) + 3*r(i). Give f(11).
4
Suppose 5*h = -4*o - o - 15, -5*h - 31 = -3*o. Let c(y) = -2 + 4*y**o - 2*y**2 + 4*y**2 + 1. Let d be (6 - 5)/((-2)/(-2)). Calculate c(d).
5
Suppose -10 - 8 = -6*q. Suppose q*n - c - 49 = 0, -4*n + 2*c = 3*c - 77. Let v = 24 - n. Let j(m) = m - 12. Determine j(v).
-6
Let f be 8/(-12)*-4 - (-4)/12. Let j(t) = -7*t**2 + 5*t**2 + f*t**2 - 5 + 0*t**2 - t. Determine j(4).
7
Let f(n) = -n**2 - 3*n + 3. Let z be (-8 + 7)/(-4 + 3). Calculate f(z).
-1
Let i = -37 + 16. Let s be (-6)/i - 410/(-35). Suppose 0 = 4*w + s + 4. Let a(g) = -g**2 - 8*g - 3. What is a(w)?
13
Let s(u) = 1. Let p(z) = z**2 + z + 8. Let f(n) = -p(n) + 6*s(n). Suppose -35 = -14*j - 7. Give f(j).
-8
Let a(m) = 0*m - 6*m + 7*m - 10. Let w be a(7). Let z(j) = 5*j**2 - 2*j - 2. Let g(d) = 14*d**2 - 5*d - 6. Let l(o) = 4*g(o) - 11*z(o). Give l(w).
1
Let d(r) = 110*r - 23 - 328*r + 108*r + 108*r. Give d(-13).
3
Let d(l) = l**3 + 2*l**2 + 2*l + 1. Suppose w = 3*v + 20, -v - 2*v = w + 10. Let p = 3 + v. Let b be d(p). Let q(k) = k**3 + k**2 - 3*k + 4. Give q(b).
-5
Suppose -i + 50 = 4*y, -37*y - 5*i + 22 = -36*y. Let l(b) = -b**2 + 15*b - 32. What is l(y)?
4
Let l(r) = 2*r**2 + 2*r. Let w be 7 + -5 - (1 - 2). Let j be -5*((-13)/5 + w). Let z be l(j). Let g(x) = -2*x**2 + 5*x + 4. Give g(z).
-8
Let u(o) be the first derivative of 2 + 0*o**3 - 1/120*o**6 - 1/15*o**5 - 1/8*o**4 - o**2 + 0*o. Let k(x) be the second derivative of u(x). Give k(-3).
0
Let s = 1110 + -1115. Let c(g) = -6*g - 6. What is c(s)?
24
Suppose -5*s - 10 = -0*s. Let r(j) be the second derivative of -2*j - 3/2*j**2 - 1/2*j**3 + 0 - 1/4*j**4. Give r(s).
-9
Suppose 3 = -5*y + 13. Let p(b) = 5*b**2 + 7*b**3 - 4*b**y - 11*b**3 - b + 17*b**3. Calculate p(1).
13
Let q(i) = -i**2 - 6*i + 5. Let g(x) = x + 1. Let k be (1 - -15)*(-1)/2. Let t be g(k). Determine q(t).
-2
Let o(s) = 52*s**3 + 6*s**2 + 22*s. Let g(v) = 11*v**3 + v**2 + 4*v. Let j(h) = 11*g(h) - 2*o(h). Give j(-1).
-18
Let s(n) be the third derivative of n**4/8 - n**3/2 + 3*n**2. Let w(v) = v**3 - 23*v**2 - 23*v - 22. Let c be w(24). Determine s(c).
3
Let h(k) = -5*k**3 + 4*k**2 - 3*k + 18. Let q(g) = g**3 - g**2 + g - 4. Let t(o) = 2*h(o) + 9*q(o). Calculate t(2).
-6
Let d(j) = 7*j**2 - 9*j - 7. Let w(r) be the third derivative of r**5/15 - 5*r**4/24 - 2*r**3/3 + 2*r**2. Let a(k) = -3*d(k) + 5*w(k). Determine a(4).
-7
Suppose 6*a = 2*a - 48. Let z be (-3)/a*6*2. Let d(l) = -l + 2. Determine d(z).
-1
Let u(m) = 16*m - 104*m**2 + 33*m**2 - 3 + 37*m**2 + 35*m**2 + 1. What is u(-15)?
-17
Let f(y) = -3*y + 1. Let k = 32 - 37. Let s(w) = 5*w - 1. Let j(c) = k*s(c) - 8*f(c). Determine j(5).
-8
Let j(s) be the third derivative of -s**4/6 - s**3 + 18*s**2. Let g(q) = q**2 + 5*q + 2. Let z be g(-5). Suppose 3*c + 0 + 15 = -h, -3*h = z*c + 3. Give j(c).
18
Let o(q) = 2*q**3 + 4*q**2 - 3. Let s be o(1). Let z(b) = -4*b - 2. Let j(p) = -39*p - 21. Let u(y) = -2*j(y) + 21*z(y). Determine u(s).
-18
Suppose -t - 6*t = -84. Let m be ((-70)/(-42))/(10/t). Let o(h) = 5*h - 1. Determine o(m).
9
Let q be 13 + 2/((-2)/(-2)). Suppose 6*v = v - q. Let z(h) = -3*h + 395 + h - 194 - 205 - h**2. Determine z(v).
-7
Let i(c) = 4300 - 4292 - 2*c + 3*c + 0*c. Determine i(-7).
1
Let s(t) be the first derivative of -11*t**2/2 + 88. Determine s(2).
-22
Let s(b) = -b + 12. Suppose 4 = -i - 5*a, -4*i - 3*a + 19 - 1 = 0. Calculate s(i).
6
Let d(s) = s**2 - 16*s + 3. Let l(z) = -3*z**2 + 46*z - 7. Let f(r) = 11*d(r) + 4*l(r). What is f(8)?
5
Let y(m) = m**3 - 6*m**2 + 2*m + 4. Let s(b) = b**3 + 4*b**2 + 3*b. Let g be s(-2). Let q be (10/(-15))/(g/21). Let c = -2 - q. Give y(c).
-11
Suppose 2*l + 2*l + 4*o = 4, -2 = o. Let k(t) = -t - 5*t**2 + t**l + 23 + 2*t**2 - 28. What is k(4)?
7
Let v = 5 + -6. Let b = 3 - v. Let r(q) be the third derivative of q**4/8 - q**3/3 + 22*q**2. What is r(b)?
10
Let m(i) be the third derivative of i**4/4 + 2*i**3 + 59*i**2. Give m(-6).
-24
Let m(l) = l + 15. Let o be 3 + (0 - 2) + 1. Let k(u) = 5. Let t(z) = o*m(z) - 7*k(z). Let v be t(5). Let r(i) = -i**3 + 4*i**2 + 4*i - 2. Calculate r(v).
-7
Suppose -3 = -2*z - 9. Let r(h) = -1. Let g(a) = 3*a + 6. Let p(w) = g(w) + 2*r(w). What is p(z)?
-5
Let d(y) = y**2 - 3*y + 26. Let l be (0/(-7))/((-6)/2 + -2). Determine d(l).
26
Let x(n) = -n**2 + n. Let f(y) = -3*y**2 + 4*y + 1. Let a(i) = -f(i) + 2*x(i). Calculate a(-2).
7
Let b(n) = -259*n + 522*n + 5 - 259*n. Suppose -2*h = -h + 2*s - 3, -h = -2*s + 5. Let z(r) = -r - 1. Let g(i) = h*b(i) - 3*z(i). Give g(4).
-6
Let l(k) = 6*k - 2*k - 10 - 5 - 6*k. Let m be l(-9). Let o(r) = r**2 - 5*r + 4. Determine o(m).
-2
Let w(v) = -v**2 - 2*v - 2. Let d(i) = 5*i**2 + 11*i + 10. Let j(h) = -4*d(h) - 22*w(h). Determine j(-2).
12
Let a be (-5 - -3)*(-72)/16. Let t(o) = o**3 - 10*o**2 + 9*o - 6. Give t(a).
-6
Let n be 0/((-3)/((-6)/4)). Let p(g) be the second derivative of -5/2*g**2 + 31*g + 0 - 1/6*g**3. Give p(n).
-5
Let x(k) = k**2 - 7*k + 8. Let i = -733 + 74